{"id":1013,"date":"2021-06-11T07:03:51","date_gmt":"2021-06-11T07:03:51","guid":{"rendered":"http:\/\/www.escuelarefugio.org\/glg2024\/?page_id=1013"},"modified":"2024-06-19T00:06:54","modified_gmt":"2024-06-18T23:06:54","slug":"o-refuxio","status":"publish","type":"page","link":"https:\/\/www.escuelarefugio.org\/glg2024\/o-refuxio\/","title":{"rendered":"O Refuxio"},"content":{"rendered":"<div class=\"wpb-content-wrapper\"><p>[vc_row css_animation=\u00bb\u00bb row_type=\u00bbrow\u00bb use_row_as_full_screen_section=\u00bbno\u00bb type=\u00bbgrid\u00bb angled_section=\u00bbno\u00bb text_align=\u00bbleft\u00bb background_image_as_pattern=\u00bbwithout_pattern\u00bb z_index=\u00bb\u00bb][vc_column][vc_single_image image=\u00bb182&#8243; img_size=\u00bbfull\u00bb qode_css_animation=\u00bb\u00bb][\/vc_column][\/vc_row][vc_row css_animation=\u00bb\u00bb row_type=\u00bbrow\u00bb use_row_as_full_screen_section=\u00bbno\u00bb type=\u00bbgrid\u00bb angled_section=\u00bbno\u00bb text_align=\u00bbleft\u00bb background_image_as_pattern=\u00bbwithout_pattern\u00bb z_index=\u00bb\u00bb][vc_column][vc_column_text]<span class=\"copyright\"><span style=\"color: #cccccc;\">\u00a9SERGI C\u00c1MARA<\/span><\/span>[\/vc_column_text][vc_separator type=\u00bbtransparent\u00bb up=\u00bb5&#8243; down=\u00bb1&#8243;][vc_column_text]<\/p>\n<h3 style=\"text-align: left;\"><span style=\"color: #f7443e;\">Case 120 mill\u00f3ns de persoas vense obrigadas a abandonar as s\u00faas casas. <\/span><\/h3>\n<p>[\/vc_column_text][\/vc_column][\/vc_row][vc_row css_animation=\u00bb\u00bb row_type=\u00bbrow\u00bb use_row_as_full_screen_section=\u00bbno\u00bb type=\u00bbgrid\u00bb angled_section=\u00bbno\u00bb text_align=\u00bbleft\u00bb background_image_as_pattern=\u00bbwith_pattern\u00bb z_index=\u00bb\u00bb][vc_column width=\u00bb3\/4&#8243;][vc_separator type=\u00bbtransparent\u00bb up=\u00bb5&#8243; down=\u00bb3&#8243;][vc_column_text]Calc\u00falase que este ano ser\u00e1n xa preto de <strong>120 mill\u00f3ns as persoas <\/strong> obrigadas a abandonaren as s\u00faas casas, a cifra m\u00e1is alta da nosa historia. Os conflitos armados, o cambio clim\u00e1tico e as cat\u00e1strofes naturais, entre outros factores, son a causa do constante aumento dos desprazamentos forzados.[\/vc_column_text][\/vc_column][vc_column width=\u00bb1\/4&#8243;][vc_separator type=\u00bbtransparent\u00bb up=\u00bb5&#8243; down=\u00bb1&#8243;][\/vc_column][\/vc_row][vc_row css_animation=\u00bb\u00bb row_type=\u00bbrow\u00bb use_row_as_full_screen_section=\u00bbno\u00bb type=\u00bbgrid\u00bb angled_section=\u00bbno\u00bb text_align=\u00bbleft\u00bb background_image_as_pattern=\u00bbwith_pattern\u00bb z_index=\u00bb\u00bb][vc_column width=\u00bb1\/6&#8243;][\/vc_column][vc_column width=\u00bb2\/3&#8243;][vc_separator type=\u00bbtransparent\u00bb][vc_column_text]<\/p>\n<h5>Os conflitos armados te\u00f1en un efecto devastador na infancia:<\/h5>\n<p>[\/vc_column_text][vc_separator type=\u00bbtransparent\u00bb][\/vc_column][vc_column width=\u00bb1\/6&#8243;][\/vc_column][\/vc_row][vc_row css_animation=\u00bb\u00bb row_type=\u00bbrow\u00bb use_row_as_full_screen_section=\u00bbno\u00bb type=\u00bbgrid\u00bb angled_section=\u00bbno\u00bb text_align=\u00bbleft\u00bb background_image_as_pattern=\u00bbwith_pattern\u00bb z_index=\u00bb\u00bb][vc_column width=\u00bb1\/6&#8243;][\/vc_column][vc_column width=\u00bb2\/3&#8243;][vc_column_text]<\/p>\n<ul>\n<li><span style=\"font-weight: 400;\"> Asasinato e mutilaci\u00f3n. <\/span><\/li>\n<li><span style=\"font-weight: 400;\"> Abuso e violencia sexuais, especialmente \u00e1s nenas, que tam\u00e9n corren o risco de seren v\u00edtimas de trata.<\/span><\/li>\n<li><span style=\"font-weight: 400;\">Recrutamento por grupos armados: nos pa\u00edses onde hai conflitos armados, moitos nenos e nenas son recrutados e obrigados a combater.\u00a0<\/span><\/li>\n<li>Traumas psicol\u00f3xicos graves por mor dos horrores da guerra e da perda da familia.<\/li>\n<li><span style=\"font-weight: 400;\">ncapacidade para acceder \u00e1 educaci\u00f3n e \u00e1 sa\u00fade. Nos conflitos armados, as escolas e os hospitais son, en moitas ocasi\u00f3ns, obxectivos militares e sofren ataques, imped\u00edndolle aos nenos continuaren a s\u00faa educaci\u00f3n e accederen aos servizos de sa\u00fade.<\/span><\/li>\n<li><span style=\"font-weight: 400;\"> Grandes fames.<\/span><\/li>\n<\/ul>\n<p>[\/vc_column_text][vc_separator type=\u00bbtransparent\u00bb up=\u00bb15&#8243;][vc_column_text]No desprazamento, seguen enfront\u00e1ndose a moitos destes riscos. En situaci\u00f3ns de emerxencia \u00e9 fundamental protexer os nenos, para garantir que estes nenos e nenas te\u00f1an un espazo seguro no que xogaren, aprenderen e afast\u00e1rense da violencia.[\/vc_column_text][\/vc_column][vc_column width=\u00bb1\/6&#8243;][\/vc_column][\/vc_row][vc_row css_animation=\u00bb\u00bb row_type=\u00bbrow\u00bb use_row_as_full_screen_section=\u00bbno\u00bb type=\u00bbgrid\u00bb angled_section=\u00bbno\u00bb text_align=\u00bbleft\u00bb background_image_as_pattern=\u00bbwith_pattern\u00bb z_index=\u00bb\u00bb background_image=\u00bb810&#8243;][vc_column width=\u00bb1\/6&#8243;][\/vc_column][vc_column width=\u00bb2\/3&#8243;][vc_separator type=\u00bbtransparent\u00bb]<a  itemprop=\"url\" href=\"\/entreculturas\/2024\/AprenderEnPeligro_20J2024.pdf\" target=\"_blank\" data-hover-border-color=\"#f6862a\" class=\"qbutton  large center white default\" style=\"border-color: #f6862a; border-radius: 17px;-moz-border-radius: 17px;-webkit-border-radius: 17px; background-color:#f6862a;\">Descargar Informe<i class=\"qode_icon_font_awesome fa fa-folder-open qode_button_icon_element\"><\/i><\/a>[\/vc_column][vc_column width=\u00bb1\/6&#8243;][\/vc_column][\/vc_row][vc_row css_animation=\u00bb\u00bb row_type=\u00bbrow\u00bb use_row_as_full_screen_section=\u00bbno\u00bb type=\u00bbfull_width\u00bb angled_section=\u00bbno\u00bb text_align=\u00bbleft\u00bb background_image_as_pattern=\u00bbwith_pattern\u00bb z_index=\u00bb\u00bb][vc_column][vc_separator type=\u00bbtransparent\u00bb][\/vc_column][\/vc_row][vc_row css_animation=\u00bb\u00bb row_type=\u00bbrow\u00bb use_row_as_full_screen_section=\u00bbno\u00bb type=\u00bbgrid\u00bb angled_section=\u00bbno\u00bb text_align=\u00bbleft\u00bb background_image_as_pattern=\u00bbwith_pattern\u00bb z_index=\u00bb\u00bb][vc_column width=\u00bb1\/3&#8243;][vc_single_image image=\u00bb1825&#8243; img_size=\u00bbfull\u00bb style=\u00bbvc_box_shadow_3d\u00bb qode_css_animation=\u00bbelement_from_fade\u00bb][vc_column_text]<span class=\"copyright\"><span style=\"color: #cccccc;\">\u00a9FE Y ALEGR\u00cdA COLOMBIA<\/span><\/span>[\/vc_column_text][vc_separator type=\u00bbtransparent\u00bb][\/vc_column][vc_column width=\u00bb1\/3&#8243;][vc_single_image image=\u00bb1827&#8243; img_size=\u00bbfull\u00bb style=\u00bbvc_box_shadow_3d\u00bb qode_css_animation=\u00bbelement_from_fade\u00bb][vc_column_text]<span class=\"copyright\"><span style=\"color: #cccccc;\">\u00a9MARCO GIARRACA \/ JRS<\/span><\/span>[\/vc_column_text][vc_separator type=\u00bbtransparent\u00bb][\/vc_column][vc_column width=\u00bb1\/3&#8243;][vc_single_image image=\u00bb1826&#8243; img_size=\u00bbfull\u00bb style=\u00bbvc_box_shadow_3d\u00bb qode_css_animation=\u00bbelement_from_fade\u00bb][vc_column_text]<span class=\"copyright\"><span style=\"color: #cccccc;\">\u00a9FE Y ALEGR\u00cdA COLOMBIA<\/span><\/span>[\/vc_column_text][\/vc_column][\/vc_row][vc_row css_animation=\u00bb\u00bb row_type=\u00bbrow\u00bb use_row_as_full_screen_section=\u00bbno\u00bb type=\u00bbfull_width\u00bb angled_section=\u00bbno\u00bb text_align=\u00bbleft\u00bb background_image_as_pattern=\u00bbwith_pattern\u00bb z_index=\u00bb\u00bb][vc_column][vc_separator type=\u00bbtransparent\u00bb up=\u00bb15&#8243; down=\u00bb25&#8243;][\/vc_column][\/vc_row][vc_row css_animation=\u00bb\u00bb row_type=\u00bbrow\u00bb use_row_as_full_screen_section=\u00bbno\u00bb type=\u00bbgrid\u00bb angled_section=\u00bbno\u00bb text_align=\u00bbleft\u00bb background_image_as_pattern=\u00bbwith_pattern\u00bb z_index=\u00bb\u00bb][vc_column width=\u00bb1\/6&#8243;][\/vc_column][vc_column width=\u00bb2\/3&#8243;][vc_column_text]<\/p>\n<h5><span style=\"color: #f6862a;\">Os conflitos armados, o cambio clim\u00e1tico ou as cat\u00e1strofes naturais son a causa do constante aumento dos desprazamentos forzados. <\/span><\/h5>\n<p>[\/vc_column_text][vc_separator type=\u00bbtransparent\u00bb up=\u00bb5&#8243; down=\u00bb3&#8243;][\/vc_column][vc_column width=\u00bb1\/6&#8243;][\/vc_column][\/vc_row][vc_row css_animation=\u00bb\u00bb row_type=\u00bbrow\u00bb use_row_as_full_screen_section=\u00bbno\u00bb type=\u00bbfull_width\u00bb angled_section=\u00bbno\u00bb text_align=\u00bbleft\u00bb background_image_as_pattern=\u00bbwith_pattern\u00bb z_index=\u00bb\u00bb][vc_column][vc_separator type=\u00bbtransparent\u00bb up=\u00bb15&#8243; down=\u00bb25&#8243;][\/vc_column][\/vc_row][vc_row css_animation=\u00bb\u00bb row_type=\u00bbrow\u00bb use_row_as_full_screen_section=\u00bbno\u00bb type=\u00bbgrid\u00bb angled_section=\u00bbno\u00bb text_align=\u00bbleft\u00bb background_image_as_pattern=\u00bbwithout_pattern\u00bb z_index=\u00bb\u00bb background_image=\u00bb2202&#8243;][vc_column width=\u00bb1\/2&#8243;]<div class=\"gambit_fullheight_row\" data-content-location=\"center\" style=\"display: none\"><\/div>[vc_separator type=\u00bbtransparent\u00bb up=\u00bb15&#8243; down=\u00bb25&#8243;][\/vc_column][vc_column width=\u00bb1\/2&#8243;][vc_column_text]<\/p>\n<h2 style=\"text-align: left;\">A escola<br \/>\n\u00e9<br \/>\nprotecci\u00f3n.<\/h2>\n<p>[\/vc_column_text][vc_separator type=\u00bbtransparent\u00bb up=\u00bb15&#8243; down=\u00bb25&#8243;][\/vc_column][\/vc_row][vc_row css_animation=\u00bb\u00bb row_type=\u00bbrow\u00bb use_row_as_full_screen_section=\u00bbno\u00bb type=\u00bbgrid\u00bb angled_section=\u00bbno\u00bb text_align=\u00bbleft\u00bb background_image_as_pattern=\u00bbwithout_pattern\u00bb z_index=\u00bb\u00bb][vc_column width=\u00bb1\/2&#8243;][vc_column_text]<span class=\"copyright\"><span style=\"color: #cccccc;\">\u00a9IRENE GALERA<\/span><\/span>[\/vc_column_text][\/vc_column][vc_column width=\u00bb1\/2&#8243;][\/vc_column][\/vc_row]<\/p>\n<\/div>","protected":false},"excerpt":{"rendered":"<p>[vc_row css_animation=\u00bb\u00bb row_type=\u00bbrow\u00bb use_row_as_full_screen_section=\u00bbno\u00bb type=\u00bbgrid\u00bb angled_section=\u00bbno\u00bb text_align=\u00bbleft\u00bb background_image_as_pattern=\u00bbwithout_pattern\u00bb z_index=\u00bb\u00bb][vc_column][vc_single_image image=\u00bb182&#8243; img_size=\u00bbfull\u00bb qode_css_animation=\u00bb\u00bb][\/vc_column][\/vc_row][vc_row css_animation=\u00bb\u00bb row_type=\u00bbrow\u00bb use_row_as_full_screen_section=\u00bbno\u00bb type=\u00bbgrid\u00bb angled_section=\u00bbno\u00bb text_align=\u00bbleft\u00bb background_image_as_pattern=\u00bbwithout_pattern\u00bb z_index=\u00bb\u00bb][vc_column][vc_column_text]\u00a9SERGI C\u00c1MARA[\/vc_column_text][vc_separator type=\u00bbtransparent\u00bb up=\u00bb5&#8243; down=\u00bb1&#8243;][vc_column_text] Case 120 mill\u00f3ns de persoas vense obrigadas a abandonar as s\u00faas casas. [\/vc_column_text][\/vc_column][\/vc_row][vc_row css_animation=\u00bb\u00bb row_type=\u00bbrow\u00bb use_row_as_full_screen_section=\u00bbno\u00bb type=\u00bbgrid\u00bb angled_section=\u00bbno\u00bb text_align=\u00bbleft\u00bb background_image_as_pattern=\u00bbwith_pattern\u00bb z_index=\u00bb\u00bb][vc_column&#8230;<\/p>\n","protected":false},"author":1,"featured_media":0,"parent":0,"menu_order":0,"comment_status":"closed","ping_status":"closed","template":"full_width.php","meta":{"footnotes":""},"class_list":["post-1013","page","type-page","status-publish","hentry"],"yoast_head":"<!-- This site is optimized with the Yoast SEO plugin v27.6 - https:\/\/yoast.com\/product\/yoast-seo-wordpress\/ -->\n<title>O Refuxio - base_GLG2024<\/title>\n<meta name=\"robots\" content=\"index, follow, max-snippet:-1, max-image-preview:large, max-video-preview:-1\" \/>\n<link rel=\"canonical\" href=\"https:\/\/www.escuelarefugio.org\/glg2024\/o-refuxio\/\" \/>\n<meta property=\"og:locale\" content=\"es_ES\" \/>\n<meta property=\"og:type\" content=\"article\" \/>\n<meta property=\"og:title\" content=\"Aprender en PERIGO\u2013\" \/>\n<meta property=\"og:description\" content=\"En contextos de conflito, 72 mill\u00f3ns de nenos e nenas non est\u00e1n escolarizados.\" \/>\n<meta property=\"og:url\" content=\"https:\/\/www.escuelarefugio.org\/glg2024\/o-refuxio\/\" \/>\n<meta property=\"og:site_name\" content=\"base_GLG2024\" \/>\n<meta property=\"article:modified_time\" content=\"2024-06-18T23:06:54+00:00\" \/>\n<meta property=\"og:image\" content=\"http:\/\/www.escuelarefugio.org\/glg2024\/wp-content\/uploads\/sites\/25\/2024\/06\/whatsapp_500x263_GLG_v2.jpg\" \/>\n\t<meta property=\"og:image:width\" content=\"500\" \/>\n\t<meta property=\"og:image:height\" content=\"263\" \/>\n\t<meta property=\"og:image:type\" content=\"image\/jpeg\" \/>\n<meta name=\"twitter:card\" content=\"summary_large_image\" \/>\n<meta name=\"twitter:title\" content=\"Aprender en PERIGO\u2013\" \/>\n<meta name=\"twitter:description\" content=\"En contextos de conflito, 72 mill\u00f3ns de nenos e nenas non est\u00e1n escolarizados.\" \/>\n<meta name=\"twitter:image\" content=\"https:\/\/www.escuelarefugio.org\/glg2024\/wp-content\/uploads\/sites\/25\/2024\/06\/whatsapp_500x263_GLG_v2.jpg\" \/>\n<meta name=\"twitter:label1\" content=\"Tiempo de lectura\" \/>\n\t<meta name=\"twitter:data1\" content=\"4 minutos\" \/>\n<script type=\"application\/ld+json\" class=\"yoast-schema-graph\">{\"@context\":\"https:\\\/\\\/schema.org\",\"@graph\":[{\"@type\":\"WebPage\",\"@id\":\"https:\\\/\\\/www.escuelarefugio.org\\\/glg2024\\\/o-refuxio\\\/\",\"url\":\"https:\\\/\\\/www.escuelarefugio.org\\\/glg2024\\\/o-refuxio\\\/\",\"name\":\"O Refuxio - base_GLG2024\",\"isPartOf\":{\"@id\":\"https:\\\/\\\/www.escuelarefugio.org\\\/glg2024\\\/#website\"},\"datePublished\":\"2021-06-11T07:03:51+00:00\",\"dateModified\":\"2024-06-18T23:06:54+00:00\",\"breadcrumb\":{\"@id\":\"https:\\\/\\\/www.escuelarefugio.org\\\/glg2024\\\/o-refuxio\\\/#breadcrumb\"},\"inLanguage\":\"es\",\"potentialAction\":[{\"@type\":\"ReadAction\",\"target\":[\"https:\\\/\\\/www.escuelarefugio.org\\\/glg2024\\\/o-refuxio\\\/\"]}]},{\"@type\":\"BreadcrumbList\",\"@id\":\"https:\\\/\\\/www.escuelarefugio.org\\\/glg2024\\\/o-refuxio\\\/#breadcrumb\",\"itemListElement\":[{\"@type\":\"ListItem\",\"position\":1,\"name\":\"Portada\",\"item\":\"https:\\\/\\\/www.escuelarefugio.org\\\/glg2024\\\/\"},{\"@type\":\"ListItem\",\"position\":2,\"name\":\"O Refuxio\"}]},{\"@type\":\"WebSite\",\"@id\":\"https:\\\/\\\/www.escuelarefugio.org\\\/glg2024\\\/#website\",\"url\":\"https:\\\/\\\/www.escuelarefugio.org\\\/glg2024\\\/\",\"name\":\"base_GLG2024\",\"description\":\"Entreculturas Alboan\",\"potentialAction\":[{\"@type\":\"SearchAction\",\"target\":{\"@type\":\"EntryPoint\",\"urlTemplate\":\"https:\\\/\\\/www.escuelarefugio.org\\\/glg2024\\\/?s={search_term_string}\"},\"query-input\":{\"@type\":\"PropertyValueSpecification\",\"valueRequired\":true,\"valueName\":\"search_term_string\"}}],\"inLanguage\":\"es\"}]}<\/script>\n<!-- \/ Yoast SEO plugin. -->","yoast_head_json":{"title":"O Refuxio - base_GLG2024","robots":{"index":"index","follow":"follow","max-snippet":"max-snippet:-1","max-image-preview":"max-image-preview:large","max-video-preview":"max-video-preview:-1"},"canonical":"https:\/\/www.escuelarefugio.org\/glg2024\/o-refuxio\/","og_locale":"es_ES","og_type":"article","og_title":"Aprender en PERIGO\u2013","og_description":"En contextos de conflito, 72 mill\u00f3ns de nenos e nenas non est\u00e1n escolarizados.","og_url":"https:\/\/www.escuelarefugio.org\/glg2024\/o-refuxio\/","og_site_name":"base_GLG2024","article_modified_time":"2024-06-18T23:06:54+00:00","og_image":[{"width":500,"height":263,"url":"http:\/\/www.escuelarefugio.org\/glg2024\/wp-content\/uploads\/sites\/25\/2024\/06\/whatsapp_500x263_GLG_v2.jpg","type":"image\/jpeg"}],"twitter_card":"summary_large_image","twitter_title":"Aprender en PERIGO\u2013","twitter_description":"En contextos de conflito, 72 mill\u00f3ns de nenos e nenas non est\u00e1n escolarizados.","twitter_image":"https:\/\/www.escuelarefugio.org\/glg2024\/wp-content\/uploads\/sites\/25\/2024\/06\/whatsapp_500x263_GLG_v2.jpg","twitter_misc":{"Tiempo de lectura":"4 minutos"},"schema":{"@context":"https:\/\/schema.org","@graph":[{"@type":"WebPage","@id":"https:\/\/www.escuelarefugio.org\/glg2024\/o-refuxio\/","url":"https:\/\/www.escuelarefugio.org\/glg2024\/o-refuxio\/","name":"O Refuxio - base_GLG2024","isPartOf":{"@id":"https:\/\/www.escuelarefugio.org\/glg2024\/#website"},"datePublished":"2021-06-11T07:03:51+00:00","dateModified":"2024-06-18T23:06:54+00:00","breadcrumb":{"@id":"https:\/\/www.escuelarefugio.org\/glg2024\/o-refuxio\/#breadcrumb"},"inLanguage":"es","potentialAction":[{"@type":"ReadAction","target":["https:\/\/www.escuelarefugio.org\/glg2024\/o-refuxio\/"]}]},{"@type":"BreadcrumbList","@id":"https:\/\/www.escuelarefugio.org\/glg2024\/o-refuxio\/#breadcrumb","itemListElement":[{"@type":"ListItem","position":1,"name":"Portada","item":"https:\/\/www.escuelarefugio.org\/glg2024\/"},{"@type":"ListItem","position":2,"name":"O Refuxio"}]},{"@type":"WebSite","@id":"https:\/\/www.escuelarefugio.org\/glg2024\/#website","url":"https:\/\/www.escuelarefugio.org\/glg2024\/","name":"base_GLG2024","description":"Entreculturas Alboan","potentialAction":[{"@type":"SearchAction","target":{"@type":"EntryPoint","urlTemplate":"https:\/\/www.escuelarefugio.org\/glg2024\/?s={search_term_string}"},"query-input":{"@type":"PropertyValueSpecification","valueRequired":true,"valueName":"search_term_string"}}],"inLanguage":"es"}]}},"_links":{"self":[{"href":"https:\/\/www.escuelarefugio.org\/glg2024\/wp-json\/wp\/v2\/pages\/1013","targetHints":{"allow":["GET"]}}],"collection":[{"href":"https:\/\/www.escuelarefugio.org\/glg2024\/wp-json\/wp\/v2\/pages"}],"about":[{"href":"https:\/\/www.escuelarefugio.org\/glg2024\/wp-json\/wp\/v2\/types\/page"}],"author":[{"embeddable":true,"href":"https:\/\/www.escuelarefugio.org\/glg2024\/wp-json\/wp\/v2\/users\/1"}],"replies":[{"embeddable":true,"href":"https:\/\/www.escuelarefugio.org\/glg2024\/wp-json\/wp\/v2\/comments?post=1013"}],"version-history":[{"count":2,"href":"https:\/\/www.escuelarefugio.org\/glg2024\/wp-json\/wp\/v2\/pages\/1013\/revisions"}],"predecessor-version":[{"id":2276,"href":"https:\/\/www.escuelarefugio.org\/glg2024\/wp-json\/wp\/v2\/pages\/1013\/revisions\/2276"}],"wp:attachment":[{"href":"https:\/\/www.escuelarefugio.org\/glg2024\/wp-json\/wp\/v2\/media?parent=1013"}],"curies":[{"name":"wp","href":"https:\/\/api.w.org\/{rel}","templated":true}]}}