{"id":483,"date":"2019-05-31T19:38:17","date_gmt":"2019-05-31T19:38:17","guid":{"rendered":"http:\/\/www.escuelarefugio.org\/cat\/?page_id=483"},"modified":"2025-06-02T12:55:18","modified_gmt":"2025-06-02T11:55:18","slug":"cookies","status":"publish","type":"page","link":"https:\/\/www.escuelarefugio.org\/cat\/cookies\/","title":{"rendered":"Cookies"},"content":{"rendered":"<div class=\"wpb-content-wrapper\"><p>[vc_row css_animation=\u00bb\u00bb row_type=\u00bbrow\u00bb use_row_as_full_screen_section=\u00bbno\u00bb type=\u00bbgrid\u00bb angled_section=\u00bbno\u00bb text_align=\u00bbleft\u00bb background_image_as_pattern=\u00bbwithout_pattern\u00bb z_index=\u00bb\u00bb][vc_column][vc_single_image image=\u00bb182&#8243; img_size=\u00bbfull\u00bb qode_css_animation=\u00bb\u00bb][\/vc_column][\/vc_row][vc_row css_animation=\u00bb\u00bb row_type=\u00bbrow\u00bb use_row_as_full_screen_section=\u00bbno\u00bb type=\u00bbgrid\u00bb angled_section=\u00bbno\u00bb text_align=\u00bbleft\u00bb background_image_as_pattern=\u00bbwithout_pattern\u00bb z_index=\u00bb\u00bb][vc_column][vc_column_text css=\u00bb\u00bb]<\/p>\n<p style=\"text-align: right;\"><span class=\"copyright\">\u00a9Fe y Alegr\u00eda<\/span><\/p>\n<p>[\/vc_column_text][vc_separator type=\u00bbtransparent\u00bb][vc_column_text css=\u00bb\u00bb]<\/p>\n<h5>Pol\u00edtica de cookies<\/h5>\n<p>[\/vc_column_text][vc_separator type=\u00bbtransparent\u00bb][\/vc_column][\/vc_row][vc_row css_animation=\u00bb\u00bb row_type=\u00bbrow\u00bb use_row_as_full_screen_section=\u00bbno\u00bb type=\u00bbgrid\u00bb angled_section=\u00bbno\u00bb text_align=\u00bbleft\u00bb background_image_as_pattern=\u00bbwithout_pattern\u00bb z_index=\u00bb\u00bb][vc_column][vc_column_text css=\u00bb\u00bb]Aquesta Pol\u00edtica de cookies forma part integrant de les Condicions generals i de la Pol\u00edtica de privacitat. L&#8217;acc\u00e9s a i la navegaci\u00f3 pel nostre portal, o l&#8217;\u00fas dels serveis que ofereix, impliquen l&#8217;acceptaci\u00f3 de les Condicions generals (i, per tant, de la Pol\u00edtica de privacitat i de la Pol\u00edtica de cookies). Li preguem que les llegeixi atentament.<\/p>\n<p>Agra\u00efm que hagi decidit visitar-nos. Desitgem que la seva experi\u00e8ncia en aquest portal web sigui la millor possible i, per aquest motiu, hem redactat aquesta Pol\u00edtica de cookies de la forma m\u00e9s clara possible.[\/vc_column_text][\/vc_column][\/vc_row][vc_row css_animation=\u00bb\u00bb row_type=\u00bbrow\u00bb use_row_as_full_screen_section=\u00bbno\u00bb type=\u00bbgrid\u00bb angled_section=\u00bbno\u00bb text_align=\u00bbleft\u00bb background_image_as_pattern=\u00bbwithout_pattern\u00bb z_index=\u00bb\u00bb][vc_column][vc_separator type=\u00bbtransparent\u00bb][\/vc_column][\/vc_row][vc_row css_animation=\u00bb\u00bb row_type=\u00bbrow\u00bb use_row_as_full_screen_section=\u00bbno\u00bb type=\u00bbgrid\u00bb angled_section=\u00bbno\u00bb text_align=\u00bbleft\u00bb background_image_as_pattern=\u00bbwithout_pattern\u00bb z_index=\u00bb\u00bb][vc_column width=\u00bb1\/2&#8243;][vc_column_text css=\u00bb\u00bb]<strong><span style=\"color: #f7443e;\">Qu\u00e8 \u00e9s una Cookie?<\/span><\/strong><br \/>\n<span style=\"font-size: 11pt;\">Les cookies s\u00f3n arxius que contenen petites quantitats d&#8217;informaci\u00f3 que es descarreguen en el dispositiu que l&#8217;usuari utilitza quan visita un lloc web. La seva finalitat principal \u00e9s recon\u00e8ixer a l&#8217;usuari cada cop que hi accedeix i permeten, a m\u00e9s a m\u00e9s, millorar la qualitat i la usabilitat de la nostra web.<br \/>\nLes cookies s\u00f3n essencials per al funcionament d&#8217;Internet; no poden danyar l&#8217;equip\/dispositiu de l&#8217;usuari i, si es troben activades en la configuraci\u00f3 del seu navegador, ens ajuden a identificar i resoldre possibles errors de funcionament.<\/span><\/p>\n<p>&nbsp;<\/p>\n<p><strong><span style=\"color: #f7443e;\">Tipus de Cookies<\/span><\/strong><br \/>\n<span style=\"font-size: 11pt;\">Hi ha diferents tipus de cookies. Totes elles treballen de la mateixa manera, per\u00f2 tenen petites difer\u00e8ncies:<br \/>\n<span style=\"color: #f7443e;\">a) Cookies de Sessi\u00f3:<\/span> Les cookies de sessi\u00f3 duren solament el temps de durada de la seva visita i s&#8217;esborren quan es tanca el navegador. La seva finalitat principal \u00e9s identificar el tipus de dispositiu, donar suport a la seguretat del lloc web o a la seva funcionalitat b\u00e0sica. No contenen informaci\u00f3 personal que permeti identificar a una persona.<\/span><\/p>\n<p><span style=\"color: #f7443e;\">b) Cookies Persistents o Permanents:<\/span><br \/>\n<span style=\"font-size: 11pt;\">S&#8217;emmagatzemen en el disc dur del dispositiu i la web les llegeix cada cop que es realitza una nova visita; tenen una data de caducitat o expiraci\u00f3 determinada, complerta la qual, la cookie deixa de funcionar. Permeten identificar les seves accions i prefer\u00e8ncies; analitzar les visites i ajudar a comprendre com arriben els usuaris a la nostra p\u00e0gina i millorar els nostres serveis.<\/span><\/p>\n<p><span style=\"font-size: 11pt;\"><span style=\"color: #f7443e;\">c) Cookies de Funcionalitat:<\/span> Permeten recordar decisions adoptades per l&#8217;usuari, com el seu login o identificador. La informaci\u00f3 que aquestes cookies recullen s&#8217;anonimitza (\u00e9s a dir, no emmagatzemen ni nom, ni adre\u00e7a, ni altre tipus de dades).<\/span><\/p>\n<p><span style=\"font-size: 11pt;\"><span style=\"color: #f7443e;\">d) Cookies de Tercers:<\/span> Les cookies de tercers s\u00f3n les cookies que instal\u00b7la un lloc web que no \u00e9s el que s&#8217;est\u00e0 visitant; per exemple, les utilitzades per xarxes socials (com ara Facebook) o per complements externs de contingut (com ara Google Maps). Algunes empreses de publicitat utilitzen aquest tipus d&#8217;arxius per a realitzar un seguiment de les visites en cada lloc on s&#8217;anuncien.<\/span><\/p>\n<p><span style=\"font-size: 11pt;\"><span style=\"color: #f7443e;\">e) Cookies Anal\u00edtiques:<\/span> S\u00f3n cookies que tenen per finalitat un manteniment peri\u00f2dic per a garantir el millor funcionament i servei a l&#8217;usuari, recopilant dades de la seva activitat.<\/span><\/p>\n<p><span style=\"font-size: 11pt;\">\u00das de Cookies per part de <a href=\"https:\/\/escuelarefugio.org\/cat\" target=\"_blank\" rel=\"noopener\">https:\/\/escuelarefugio.org\/cat<\/a><br \/>\nMitjan\u00e7ant l&#8217;acc\u00e9s a <a href=\"https:\/\/escuelarefugio.org\/cat\" target=\"_blank\" rel=\"noopener\">https:\/\/escuelarefugio.org\/cat<\/a> accepta de manera expressa que puguem utilitzar aquest tipus de cookies en els seus dispositius. Si desactiva les cookies, pot ser la seva navegaci\u00f3 no \u00e9s \u00f2ptima i algunes de les utilitats de que disposem no funcionin correctament.<\/span><\/p>\n<p>&nbsp;<\/p>\n<p><span style=\"color: #f7443e;\">a) <strong>Cookies pr\u00f2pies<\/strong><\/span><br \/>\n<span style=\"font-size: 11pt;\">Amb la finalitat de recon\u00e8ixer i prestar un millor servei, el nostre lloc web utilitza cookies pr\u00f2pies. Els avantatges que comporta l&#8217;acceptaci\u00f3 d&#8217;aquestes cookies es tradueix en un estalvi de temps. Aix\u00ed mateix, poden ser utilitzades tamb\u00e9 per a recon\u00e8ixer-li entre visites successives i aix\u00ed adaptar el contingut que es mostra; obtenir informaci\u00f3 sobre la data i hora de la seva \u00faltima visita, mesurar alguns par\u00e0metres de tr\u00e0nsit dins del propi lloc web, i estimar el nombre de visites realitzades, de manera que es puguin enfocar i ajustar els serveis i les promocions de manera m\u00e9s efectiva.<br \/>\nCap cookie pot extreure informaci\u00f3 del seu disc dur o robar informaci\u00f3 personal. Cap cookie permet contactar-se amb el seu n\u00famero de tel\u00e8fon, adre\u00e7a de correu electr\u00f2nic o amb qualsevol altre mitj\u00e0 de contacte, ni tampoc poden danyar el seu equip.<\/span>[\/vc_column_text][vc_separator type=\u00bbtransparent\u00bb][vc_single_image image=\u00bb2454&#8243; img_size=\u00bbfull\u00bb style=\u00bbvc_box_shadow_3d\u00bb css=\u00bb\u00bb qode_css_animation=\u00bb\u00bb][vc_column_text css=\u00bb\u00bb]<span class=\"copyright\">\u00a9Irene Galera<\/span>[\/vc_column_text][\/vc_column][vc_column width=\u00bb1\/2&#8243;][vc_column_text css=\u00bb\u00bb]<strong><span style=\"color: #f7443e;\"> Cookies estrictament necess\u00e0ries<\/span><\/strong><br \/>\n<span style=\"font-size: 11pt;\">Cookie: __utma\/ temps d&#8217;expiraci\u00f3: PERSISTENT\/ prove\u00efdor: Google Analytics Descripci\u00f3: Cookie Anal\u00edtica. Guarda la id. del visitant i el nombre de visites que ha realitzat al lloc web.<br \/>\nPol\u00edtica de privacitat de Google: http:\/\/www.google.com\/intl\/es\/policies\/privacy\/<\/span><span style=\"font-size: 11pt;\"><br \/>\nCookie: __utmb\/ temps d&#8217;expiraci\u00f3: TEMPORAL \/ prove\u00efdor: Google Analytics.<br \/>\nDescripci\u00f3: emmagatzemen el temps de sessi\u00f3 de l&#8217;usuari al site.<\/span><br \/>\n<span style=\"font-size: 11pt;\">Cookie: __utmc temporal \/ temps d&#8217;expiraci\u00f3: TEMPORAL \/ prove\u00efdor: Google Analytics<br \/>\nPol\u00edtica de privacitat de Google: http:\/\/www.google.com\/intl\/es\/policies\/privacy\/<br \/>\n<\/span><br \/>\n<span style=\"font-size: 11pt;\">Cookie: __utmz temporal \/ temps d&#8217;expiraci\u00f3: PERSISTENT \/ prove\u00efdor: Google Analytics<br \/>\nDescripci\u00f3: Cookie anal\u00edtica. Cont\u00e9 la informaci\u00f3 del referent si l&#8217;usuari accedeix per un cercador, un enlla\u00e7 directe o un enlla\u00e7 procedent d&#8217;un anunci.<br \/>\nPol\u00edtica de privacitat de Google: http:\/\/www.google.com\/intl\/es\/policies\/privacy\/<br \/>\n<\/span><br \/>\n<strong><span style=\"color: #f7443e;\">b) Cookies de Google Analytics<\/span><\/strong><br \/>\n<span style=\"font-size: 11pt;\">El lloc utilitza el servei de Google Analytics, prestat per Google, Inc., entitat amb oficina principal a 1600 Amphitheatre Parkway, Mountain View (Calif\u00f2rnia), CA 94043, Estats Units (\u201cGoogle\u201d).<br \/>\nGoogle Analytics utilitza cookies per a ajudar-nos a analitzar l&#8217;\u00fas que fan els usuaris del lloc. La informaci\u00f3 que genera la cookie sobre l&#8217;\u00fas del lloc (incloent la seva adre\u00e7a IP) ser\u00e0 directament transmesa i arxivada per Google en els seus servidors dels Estats Units. Google utilitzar\u00e0 aquesta informaci\u00f3 per compte nostre amb el prop\u00f2sit de seguir la pista de l&#8217;\u00fas del lloc, recopilant informes de l&#8217;activitat del lloc i prestant altres serveis relacionats amb l&#8217;activitat del lloc i l&#8217;\u00fas d&#8217;Internet. Google podr\u00e0 transmetre aquesta informaci\u00f3 a tercers quan aix\u00ed li ho requereixi la legislaci\u00f3, o quan aquests tercers processin la informaci\u00f3 per compte de Google. Google no associar\u00e0 la seva adre\u00e7a IP amb cap altra dada de que disposi Google.<br \/>\nSi ho desitja, pot rebutjar el tractament de les dades o la informaci\u00f3 rebutjant l&#8217;\u00fas de cookies mitjan\u00e7ant la selecci\u00f3 de la configuraci\u00f3 apropiada del seu navegador. No obstant aix\u00f2, si ho fa, pot ser no pugui aprofitar el complet funcionament d&#8217;aquest lloc.<br \/>\nEn utilitzar aquest lloc consent el tractament de la seva informaci\u00f3 per Google en la forma i per als fins a dalt indicats.<\/span><\/p>\n<p>&nbsp;<\/p>\n<p><strong><span style=\"color: #f7443e;\">Configuraci\u00f3 de l&#8217;usuari per a evitar Cookies<\/span><\/strong><br \/>\n<span style=\"font-size: 11pt;\">Des de <strong>Fundaci\u00f3n Entreculturas Fe Y Alegr\u00eda i Fundaci\u00f3n Alboan<\/strong> i, en compliment de la normativa legal vigent, posem a la seva disposici\u00f3 la informaci\u00f3 que li permet configurar el seu navegador\/navegadors d&#8217;Internet per a mantenir la seva privacitat i seguretat en relaci\u00f3 a les cookies. Per aix\u00f2, facilitem la informaci\u00f3 i enlla\u00e7os als llocs de suport oficials dels principals navegadors perqu\u00e8 pugui decidir si desitja acceptar o no l&#8217;\u00fas de cookies.<br \/>\nAix\u00ed, es poden bloquejar les cookies a trav\u00e9s de les eines de configuraci\u00f3 del navegador o b\u00e9 configurar el navegador perqu\u00e8 li avisi quan un servidor vulgui guardar una cookie:<\/span><\/p>\n<p><span style=\"font-size: 11pt;\"><strong>a)<\/strong> Si utilitza Microsoft Internet Explorer, en l&#8217;opci\u00f3 de men\u00fa Eines &gt; Opcions d&#8217;Internet &gt; Privacitat &gt; Configuraci\u00f3. Per a saber m\u00e9s, visiti: http:\/\/windows.microsoft.com\/eses\/windowsvista\/blockorallowcookies<br \/>\nhttp:\/\/windows.microsoft.com\/eses\/windows\/howtomanagecookiesininternetexplorer9.<\/span><br \/>\n<span style=\"font-size: 11pt;\"><br \/>\n<strong>b)<\/strong> Si utilitza Firefox, en l&#8217;opci\u00f3 de men\u00fa Eines &amp;gt Opcions &amp;gt Privacitat &amp;gt Cookies.<br \/>\nPer a saber m\u00e9s: http:\/\/support.mozilla.org\/es\/products\/firefox\/privacyandsecurity<br \/>\n<\/span><br \/>\n<span style=\"font-size: 11pt;\"><strong>c)<\/strong> Si utilitza Chrome, en la secci\u00f3 d&#8217;Opcions &amp;gt Opcions avan\u00e7ades &amp;gt Privacitat.<br \/>\nPer a saber m\u00e9s: http:\/\/support.google.com\/chrome\/bin\/answer.py?hl=es&amp;answer=95647<\/span><\/p>\n<p><span style=\"font-size: 11pt;\"><strong>d)<\/strong> Si utilitza Opera, en l&#8217;opci\u00f3 de Seguretat i Privacitat, podr\u00e0 configurar el navegador.<br \/>\nPer a saber m\u00e9s: http:\/\/www.opera.com\/help\/tutorials\/security\/cookies\/<\/span>[\/vc_column_text][vc_separator type=\u00bbtransparent\u00bb][\/vc_column][\/vc_row][vc_row css_animation=\u00bb\u00bb row_type=\u00bbrow\u00bb use_row_as_full_screen_section=\u00bbno\u00bb type=\u00bbfull_width\u00bb angled_section=\u00bbno\u00bb text_align=\u00bbleft\u00bb background_image_as_pattern=\u00bbwithout_pattern\u00bb][vc_column][vc_separator type=\u00bbtransparent\u00bb][\/vc_column][\/vc_row]<\/p>\n<\/div>","protected":false},"excerpt":{"rendered":"<p>[vc_row css_animation=\u00bb\u00bb row_type=\u00bbrow\u00bb use_row_as_full_screen_section=\u00bbno\u00bb type=\u00bbgrid\u00bb angled_section=\u00bbno\u00bb text_align=\u00bbleft\u00bb background_image_as_pattern=\u00bbwithout_pattern\u00bb z_index=\u00bb\u00bb][vc_column][vc_single_image image=\u00bb182&#8243; img_size=\u00bbfull\u00bb qode_css_animation=\u00bb\u00bb][\/vc_column][\/vc_row][vc_row css_animation=\u00bb\u00bb row_type=\u00bbrow\u00bb use_row_as_full_screen_section=\u00bbno\u00bb type=\u00bbgrid\u00bb angled_section=\u00bbno\u00bb text_align=\u00bbleft\u00bb background_image_as_pattern=\u00bbwithout_pattern\u00bb z_index=\u00bb\u00bb][vc_column][vc_column_text css=\u00bb\u00bb] \u00a9Fe y Alegr\u00eda [\/vc_column_text][vc_separator type=\u00bbtransparent\u00bb][vc_column_text css=\u00bb\u00bb] Pol\u00edtica de cookies [\/vc_column_text][vc_separator type=\u00bbtransparent\u00bb][\/vc_column][\/vc_row][vc_row css_animation=\u00bb\u00bb row_type=\u00bbrow\u00bb use_row_as_full_screen_section=\u00bbno\u00bb type=\u00bbgrid\u00bb angled_section=\u00bbno\u00bb text_align=\u00bbleft\u00bb background_image_as_pattern=\u00bbwithout_pattern\u00bb z_index=\u00bb\u00bb][vc_column][vc_column_text css=\u00bb\u00bb]Aquesta Pol\u00edtica de cookies forma&#8230;<\/p>\n","protected":false},"author":1,"featured_media":0,"parent":0,"menu_order":0,"comment_status":"closed","ping_status":"closed","template":"full_width.php","meta":{"footnotes":""},"class_list":["post-483","page","type-page","status-publish","hentry"],"yoast_head":"<!-- This site is optimized with the Yoast SEO plugin v27.6 - https:\/\/yoast.com\/product\/yoast-seo-wordpress\/ -->\n<title>Cookies - Escola Refugi<\/title>\n<meta name=\"robots\" content=\"noindex, nofollow\" \/>\n<meta property=\"og:locale\" content=\"es_ES\" \/>\n<meta property=\"og:type\" content=\"article\" \/>\n<meta property=\"og:title\" content=\"L\u2019EDUCACI\u00d3 \u00e9s la seva millor DEFENSA\" \/>\n<meta property=\"og:description\" content=\"En contextos de conflicte armat es produeixen greus violacions contra la inf\u00e0ncia.\" \/>\n<meta property=\"og:url\" content=\"https:\/\/www.escuelarefugio.org\/cat\/cookies\/\" \/>\n<meta property=\"og:site_name\" content=\"Escola Refugi\" \/>\n<meta property=\"article:modified_time\" content=\"2025-06-02T11:55:18+00:00\" \/>\n<meta property=\"og:image\" content=\"http:\/\/www.escuelarefugio.org\/cat\/wp-content\/uploads\/sites\/27\/2025\/05\/whatsapp_500x263_CAT.jpg\" \/>\n\t<meta property=\"og:image:width\" content=\"500\" \/>\n\t<meta property=\"og:image:height\" content=\"263\" \/>\n\t<meta property=\"og:image:type\" content=\"image\/jpeg\" \/>\n<meta name=\"twitter:card\" content=\"summary_large_image\" \/>\n<meta name=\"twitter:title\" content=\"L\u2019EDUCACI\u00d3 \u00e9s la seva millor DEFENSA\" \/>\n<meta name=\"twitter:description\" content=\"En contextos de conflicte armat es produeixen greus violacions contra la inf\u00e0ncia.\" \/>\n<meta name=\"twitter:image\" content=\"https:\/\/www.escuelarefugio.org\/cat\/wp-content\/uploads\/sites\/27\/2025\/05\/whatsapp_500x263_CAT.jpg\" \/>\n<meta name=\"twitter:label1\" content=\"Tiempo de lectura\" \/>\n\t<meta name=\"twitter:data1\" content=\"6 minutos\" \/>\n<script type=\"application\/ld+json\" class=\"yoast-schema-graph\">{\"@context\":\"https:\\\/\\\/schema.org\",\"@graph\":[{\"@type\":\"WebPage\",\"@id\":\"https:\\\/\\\/www.escuelarefugio.org\\\/cat\\\/cookies\\\/\",\"url\":\"https:\\\/\\\/www.escuelarefugio.org\\\/cat\\\/cookies\\\/\",\"name\":\"Cookies - Escola Refugi\",\"isPartOf\":{\"@id\":\"https:\\\/\\\/www.escuelarefugio.org\\\/cat\\\/#website\"},\"datePublished\":\"2019-05-31T19:38:17+00:00\",\"dateModified\":\"2025-06-02T11:55:18+00:00\",\"breadcrumb\":{\"@id\":\"https:\\\/\\\/www.escuelarefugio.org\\\/cat\\\/cookies\\\/#breadcrumb\"},\"inLanguage\":\"es\",\"potentialAction\":[{\"@type\":\"ReadAction\",\"target\":[\"https:\\\/\\\/www.escuelarefugio.org\\\/cat\\\/cookies\\\/\"]}]},{\"@type\":\"BreadcrumbList\",\"@id\":\"https:\\\/\\\/www.escuelarefugio.org\\\/cat\\\/cookies\\\/#breadcrumb\",\"itemListElement\":[{\"@type\":\"ListItem\",\"position\":1,\"name\":\"Portada\",\"item\":\"https:\\\/\\\/www.escuelarefugio.org\\\/cat\\\/\"},{\"@type\":\"ListItem\",\"position\":2,\"name\":\"Cookies\"}]},{\"@type\":\"WebSite\",\"@id\":\"https:\\\/\\\/www.escuelarefugio.org\\\/cat\\\/#website\",\"url\":\"https:\\\/\\\/www.escuelarefugio.org\\\/cat\\\/\",\"name\":\"Escola Refugi\",\"description\":\"Entreculturas Alboan\",\"potentialAction\":[{\"@type\":\"SearchAction\",\"target\":{\"@type\":\"EntryPoint\",\"urlTemplate\":\"https:\\\/\\\/www.escuelarefugio.org\\\/cat\\\/?s={search_term_string}\"},\"query-input\":{\"@type\":\"PropertyValueSpecification\",\"valueRequired\":true,\"valueName\":\"search_term_string\"}}],\"inLanguage\":\"es\"}]}<\/script>\n<!-- \/ Yoast SEO plugin. -->","yoast_head_json":{"title":"Cookies - Escola Refugi","robots":{"index":"noindex","follow":"nofollow"},"og_locale":"es_ES","og_type":"article","og_title":"L\u2019EDUCACI\u00d3 \u00e9s la seva millor DEFENSA","og_description":"En contextos de conflicte armat es produeixen greus violacions contra la inf\u00e0ncia.","og_url":"https:\/\/www.escuelarefugio.org\/cat\/cookies\/","og_site_name":"Escola Refugi","article_modified_time":"2025-06-02T11:55:18+00:00","og_image":[{"width":500,"height":263,"url":"http:\/\/www.escuelarefugio.org\/cat\/wp-content\/uploads\/sites\/27\/2025\/05\/whatsapp_500x263_CAT.jpg","type":"image\/jpeg"}],"twitter_card":"summary_large_image","twitter_title":"L\u2019EDUCACI\u00d3 \u00e9s la seva millor DEFENSA","twitter_description":"En contextos de conflicte armat es produeixen greus violacions contra la inf\u00e0ncia.","twitter_image":"https:\/\/www.escuelarefugio.org\/cat\/wp-content\/uploads\/sites\/27\/2025\/05\/whatsapp_500x263_CAT.jpg","twitter_misc":{"Tiempo de lectura":"6 minutos"},"schema":{"@context":"https:\/\/schema.org","@graph":[{"@type":"WebPage","@id":"https:\/\/www.escuelarefugio.org\/cat\/cookies\/","url":"https:\/\/www.escuelarefugio.org\/cat\/cookies\/","name":"Cookies - Escola Refugi","isPartOf":{"@id":"https:\/\/www.escuelarefugio.org\/cat\/#website"},"datePublished":"2019-05-31T19:38:17+00:00","dateModified":"2025-06-02T11:55:18+00:00","breadcrumb":{"@id":"https:\/\/www.escuelarefugio.org\/cat\/cookies\/#breadcrumb"},"inLanguage":"es","potentialAction":[{"@type":"ReadAction","target":["https:\/\/www.escuelarefugio.org\/cat\/cookies\/"]}]},{"@type":"BreadcrumbList","@id":"https:\/\/www.escuelarefugio.org\/cat\/cookies\/#breadcrumb","itemListElement":[{"@type":"ListItem","position":1,"name":"Portada","item":"https:\/\/www.escuelarefugio.org\/cat\/"},{"@type":"ListItem","position":2,"name":"Cookies"}]},{"@type":"WebSite","@id":"https:\/\/www.escuelarefugio.org\/cat\/#website","url":"https:\/\/www.escuelarefugio.org\/cat\/","name":"Escola Refugi","description":"Entreculturas Alboan","potentialAction":[{"@type":"SearchAction","target":{"@type":"EntryPoint","urlTemplate":"https:\/\/www.escuelarefugio.org\/cat\/?s={search_term_string}"},"query-input":{"@type":"PropertyValueSpecification","valueRequired":true,"valueName":"search_term_string"}}],"inLanguage":"es"}]}},"_links":{"self":[{"href":"https:\/\/www.escuelarefugio.org\/cat\/wp-json\/wp\/v2\/pages\/483","targetHints":{"allow":["GET"]}}],"collection":[{"href":"https:\/\/www.escuelarefugio.org\/cat\/wp-json\/wp\/v2\/pages"}],"about":[{"href":"https:\/\/www.escuelarefugio.org\/cat\/wp-json\/wp\/v2\/types\/page"}],"author":[{"embeddable":true,"href":"https:\/\/www.escuelarefugio.org\/cat\/wp-json\/wp\/v2\/users\/1"}],"replies":[{"embeddable":true,"href":"https:\/\/www.escuelarefugio.org\/cat\/wp-json\/wp\/v2\/comments?post=483"}],"version-history":[{"count":2,"href":"https:\/\/www.escuelarefugio.org\/cat\/wp-json\/wp\/v2\/pages\/483\/revisions"}],"predecessor-version":[{"id":2594,"href":"https:\/\/www.escuelarefugio.org\/cat\/wp-json\/wp\/v2\/pages\/483\/revisions\/2594"}],"wp:attachment":[{"href":"https:\/\/www.escuelarefugio.org\/cat\/wp-json\/wp\/v2\/media?parent=483"}],"curies":[{"name":"wp","href":"https:\/\/api.w.org\/{rel}","templated":true}]}}